{"id":1775,"date":"2019-12-12T15:25:53","date_gmt":"2019-12-12T14:25:53","guid":{"rendered":"https:\/\/309manukahonig.de\/?page_id=1775"},"modified":"2026-04-21T20:49:00","modified_gmt":"2026-04-21T18:49:00","slug":"persoenliche-meinungen","status":"publish","type":"page","link":"https:\/\/309manukahonig.de\/index.php\/persoenliche-meinungen\/","title":{"rendered":"Pers\u00f6nliche Meinungen"},"content":{"rendered":"<div class=\"wpb-content-wrapper\"><p>[vc_row][vc_column icons_position=&#8221;left&#8221;][vc_column_text css=&#8221;&#8221;]<\/p>\n<p class=\"has-background has-drop-cap has-vivid-green-cyan-background-color\"><strong>Dieser 309 Honig wirkt echt Wunder&#8230; h\u00e4tte ich nie gedacht&#8230; jeden Morgen einen kleinen L\u00f6ffel davon auf der Zunge schmelzen lassen, und der Tag ist Dein Freund!!! Danke Jonas, dass Du uns den in unser Leben gebracht hast!!!&nbsp;&nbsp; <\/strong><br>Gabi Halsch, Gr\u00fcnwald<\/p>\n<!-- \/wp:post-content -->\n<!-- wp:paragraph {\"dropCap\":true,\"backgroundColor\":\"light-green-cyan\"} -->\n<p class=\"has-background has-drop-cap has-light-green-cyan-background-color\"><strong>309 Manuka Honig &#8211; wenn eine herzensfrohe Imkerin Honig erntet, tief verbunden mit der Biene und der Neuseeland-Myrrhe &#8211; kann nur dieses hochenergetische und lebendige Produkt hervorkommen. Ich werde diesen Honig in meiner Praxis empfehlen. Herzensgr\u00fc\u00dfe an Jonas, danke f\u00fcr Dein Br\u00fcckenbauen!&#8221; <\/strong><br>Momo, initiierte Schamanin, Solln<\/p>\n<!-- \/wp:paragraph -->\n<!-- wp:image {\"align\":\"right\",\"id\":1776,\"sizeSlug\":\"large\"} -->\n<div class=\"wp-block-image\">\n<figure class=\"alignright size-large\"><img loading=\"lazy\" decoding=\"async\" width=\"576\" height=\"1024\" class=\"wp-image-1776\" src=\"https:\/\/309manukahonig.de\/wp-content\/uploads\/2019\/12\/309-Jonas-Sue-2-576x1024.jpg\" alt=\"\" srcset=\"https:\/\/309manukahonig.de\/wp-content\/uploads\/2019\/12\/309-Jonas-Sue-2-576x1024.jpg 576w, https:\/\/309manukahonig.de\/wp-content\/uploads\/2019\/12\/309-Jonas-Sue-2-600x1067.jpg 600w, https:\/\/309manukahonig.de\/wp-content\/uploads\/2019\/12\/309-Jonas-Sue-2-169x300.jpg 169w, https:\/\/309manukahonig.de\/wp-content\/uploads\/2019\/12\/309-Jonas-Sue-2-768x1365.jpg 768w, https:\/\/309manukahonig.de\/wp-content\/uploads\/2019\/12\/309-Jonas-Sue-2-864x1536.jpg 864w, https:\/\/309manukahonig.de\/wp-content\/uploads\/2019\/12\/309-Jonas-Sue-2-370x658.jpg 370w, https:\/\/309manukahonig.de\/wp-content\/uploads\/2019\/12\/309-Jonas-Sue-2-760x1351.jpg 760w, https:\/\/309manukahonig.de\/wp-content\/uploads\/2019\/12\/309-Jonas-Sue-2.jpg 900w\" sizes=\"auto, (max-width: 576px) 100vw, 576px\" \/><\/figure>\n<\/div>\n<!-- \/wp:image -->\n<!-- wp:paragraph {\"dropCap\":true,\"backgroundColor\":\"luminous-vivid-orange\"} -->\n<p class=\"has-background has-drop-cap has-luminous-vivid-orange-background-color\"><strong>Auch ich hatte das gro\u00dfe Gl\u00fcck \u00fcber Jonas an den wunderbaren Manukahonig gelangt zu sein. Meine Mutter hatte Herpes und ich hab ihr sofort den Manukahonig gegeben. Sie trug ihn mehrmals t\u00e4glich auf und der Herpes verschwand sehr schnell.<br>Momentan hilft er der ganzen Familie in der Erk\u00e4ltungszeit. <\/strong><br>Lena, Heilpraktikerin<\/p>\n<!-- \/wp:paragraph -->\n<!-- wp:paragraph {\"dropCap\":true,\"backgroundColor\":\"luminous-vivid-amber\"} -->\n<p class=\"has-background has-drop-cap has-luminous-vivid-amber-background-color\"><strong>Ich bin so dankbar, dass ich \u00fcber Jonas dieses Wunder aus Neuseeland kennen- und lieben gelernt habe und es bleibt nicht bei diesem einen Glas<\/strong>\ud83d\ude03<br><strong>Lieben Dank nochmal Jonas<\/strong>\ud83d\udc4d\ud83c\udf40<br>Jutta, Bad Homburg<\/p>\n<!-- \/wp:paragraph -->\n<!-- wp:paragraph {\"dropCap\":true,\"backgroundColor\":\"pale-cyan-blue\"} -->\n<p class=\"has-background has-drop-cap has-pale-cyan-blue-background-color\"><strong>Just received my Very first pot of Jonas\u2019 manuka honey! Love the texture and love the taste of it! Not too sweet and with a delicate taste. Will be buying more! Thank you also for such fast delivery all the way to the UK! <\/strong>\u2764\ufe0f\ud83d\udc1d<br>Michelle, UK<\/p>\n<!-- \/wp:paragraph -->\n<!-- wp:paragraph {\"align\":\"left\",\"dropCap\":true,\"backgroundColor\":\"cyan-bluish-gray\"} -->\n<p class=\"has-background has-drop-cap has-text-align-left has-cyan-bluish-gray-background-color\"><strong>Hey Jonas, der Honig war ein voller Erfolg. Eine Bakannte ist richtig ausgeflippt, weil sie Manuka Honig kennt. Ich selbst bin gerade leider Krank, habe heute Fr\u00fch mit Kamillentee, Salz und Manuka inhaliert und es ist eine deutliche Besserung eingetreten. Danke Dir nochmal, dass Du mit dieses Geschenk erm\u00f6glicht hast!<\/strong><br>Arik \ud83d\ude0b<\/p>\n<!-- \/wp:paragraph -->\n<!-- wp:paragraph {\"dropCap\":true,\"backgroundColor\":\"very-light-gray\"} -->\n<p class=\"has-background has-drop-cap has-very-light-gray-background-color\"><strong>Der 309 Manuka Honig ist einfach ein Traum , man k\u00f6nnte das ganze Gl\u00e4schen verputzen. So ein wunderbares Geschmackserlebnis hatte ich noch nie beim Ausprobieren diverser Honigsorten. Hier denke ich meiner Gesundheit endlich etwas Positives zu verleihen. <\/strong><br>Edda<\/p>\n<!-- \/wp:paragraph -->\n<p>&nbsp;<\/p>\n<!-- wp:paragraph {\"dropCap\":true,\"backgroundColor\":\"orange\"} -->\n<p class=\"has-background has-drop-cap has-orange-background-color\"><strong>Es gibt viele Medikamente oder Hausmittel gegen Husten, allerdings mit oft m\u00e4\u00dfigem Erfolg. Die Meisten Dinge die ich bisher probiert habe brauchten sehr lange, bis eine Wirkung einsetzte. Anders mit diesem Hustensaft. Bereits nach 3 Tagen war eine deutliche Besserung zu bemerken, wobei ich den Saft lediglich morgens auf n\u00fcchternen Magen und abends vor dem Schlafengehen zu mir genommen habe. Kombiniert habe ich den Saft mit einem halben Teel\u00f6ffel Manukahonig am Tag. Da ich ziemlich starken Husten hatte, habe ich den halben Teel\u00f6ffel Manukahonig mit schwarzem Pfeffer gemischt und diese Mischung nach und nach langsam im Mund zergehen lassen. Siehe da, ich konnte in der Nacht durchschlafen und der Husten war nach 5 Tagen weg und nicht wie sonst erst in 2-3 Wochen. Und das ganz ohne Chemie. Probiert es aus. Ich bin begeistert. Vielen Dank Jonas f\u00fcr diese tolle Erfahrung mit diesem einzigartigen Naturheilmittel.&nbsp;<\/strong><\/p>\n<p>[\/vc_column_text][\/vc_column][\/vc_row]<\/p>\n<\/div>","protected":false},"excerpt":{"rendered":"<p>[vc_row][vc_column icons_position=&#8221;left&#8221;][vc_column_text css=&#8221;&#8221;] Dieser 309 Honig wirkt echt Wunder&#8230; h\u00e4tte ich nie gedacht&#8230; jeden Morgen einen kleinen L\u00f6ffel davon auf&hellip; <a class=\"continue\" href=\"https:\/\/309manukahonig.de\/index.php\/persoenliche-meinungen\/\">Continue Reading<span> Pers\u00f6nliche Meinungen<\/span><\/a><\/p>\n","protected":false},"author":1,"featured_media":0,"parent":0,"menu_order":0,"comment_status":"closed","ping_status":"closed","template":"","meta":{"_monsterinsights_skip_tracking":false,"_monsterinsights_sitenote_active":false,"_monsterinsights_sitenote_note":"","_monsterinsights_sitenote_category":0,"footnotes":"","_links_to":"","_links_to_target":""},"class_list":["post-1775","page","type-page","status-publish","hentry"],"aioseo_notices":[],"_links":{"self":[{"href":"https:\/\/309manukahonig.de\/index.php\/wp-json\/wp\/v2\/pages\/1775","targetHints":{"allow":["GET"]}}],"collection":[{"href":"https:\/\/309manukahonig.de\/index.php\/wp-json\/wp\/v2\/pages"}],"about":[{"href":"https:\/\/309manukahonig.de\/index.php\/wp-json\/wp\/v2\/types\/page"}],"author":[{"embeddable":true,"href":"https:\/\/309manukahonig.de\/index.php\/wp-json\/wp\/v2\/users\/1"}],"replies":[{"embeddable":true,"href":"https:\/\/309manukahonig.de\/index.php\/wp-json\/wp\/v2\/comments?post=1775"}],"version-history":[{"count":11,"href":"https:\/\/309manukahonig.de\/index.php\/wp-json\/wp\/v2\/pages\/1775\/revisions"}],"predecessor-version":[{"id":23742,"href":"https:\/\/309manukahonig.de\/index.php\/wp-json\/wp\/v2\/pages\/1775\/revisions\/23742"}],"wp:attachment":[{"href":"https:\/\/309manukahonig.de\/index.php\/wp-json\/wp\/v2\/media?parent=1775"}],"curies":[{"name":"wp","href":"https:\/\/api.w.org\/{rel}","templated":true}]}}